f 819 and 30668157.
117
What is the greatest common factor of 44778784 and 22192?
1168
Calculate the highest common factor of 10304 and 765716.
644
What is the greatest common factor of 123933 and 2887083?
327
What is the highest common divisor of 41368238 and 668?
334
Calculate the highest common divisor of 1706373319 and 53.
53
Calculate the greatest common divisor of 1472 and 129472.
64
Calculate the highest common factor of 18927 and 41990601.
2103
Calculate the greatest common divisor of 1950821 and 66133.
41
What is the greatest common divisor of 29750008 and 88?
8
Calculate the greatest common divisor of 2065 and 16149539.
413
What is the highest common divisor of 622 and 10689?
1
What is the highest common divisor of 35 and 2697234260?
35
Calculate the highest common factor of 3375 and 630963.
27
What is the greatest common divisor of 18522 and 546210?
378
Calculate the greatest common divisor of 11542 and 2331136.
58
What is the highest common factor of 137703 and 97909?
197
Calculate the greatest common factor of 26758 and 146777074.
1574
Calculate the greatest common factor of 9005313 and 1614.
807
What is the greatest common factor of 612 and 82844757?
153
What is the highest common divisor of 1871946224 and 16?
16
What is the highest common factor of 1605 and 320205?
15
What is the highest common factor of 16 and 3918960?
16
What is the highest common factor of 1034 and 189728?
22
What is the greatest common divisor of 277736 and 1038248?
1864
Calculate the highest common factor of 72 and 19699542.
18
What is the highest common divisor of 3220500 and 452?
452
What is the greatest common divisor of 4240 and 662040?
40
What is the greatest common divisor of 492492 and 2644356?
1716
What is the greatest common divisor of 8499344 and 51504?
592
What is the greatest common divisor of 1272349 and 65?
13
Calculate the greatest common factor of 20 and 29462110.
10
What is the greatest common factor of 3951 and 18267229?
439
Calculate the highest common divisor of 217518984 and 469.
67
Calculate the greatest common divisor of 109 and 21009641.
109
What is the highest common divisor of 1152 and 146019840?
384
Calculate the highest common divisor of 1814 and 26499819.
907
What is the greatest common divisor of 16484832 and 6120?
1224
What is the greatest common divisor of 26334 and 614726?
266
What is the highest common factor of 163476 and 397218?
1434
What is the greatest common divisor of 1262838 and 1794?
138
What is the highest common factor of 1018368 and 107328?
2496
What is the highest common divisor of 5247 and 1303005?
1749
Calculate the greatest common factor of 3038 and 6722016.
98
What is the highest common factor of 22 and 12872992?
22
What is the highest common divisor of 155 and 17225119?
31
What is the greatest common factor of 42 and 65731722?
42
What is the highest common divisor of 28552653 and 603?
603
What is the highest common factor of 1322 and 219957004?
1322
What is the highest common factor of 30175057 and 4163?
23
What is the highest common divisor of 11025220 and 1420?
20
What is the highest common factor of 5917 and 2138233?
61
Calculate the greatest common factor of 91 and 37695.
7
Calculate the greatest common factor of 27436965 and 1695.
1695
What is the greatest common factor of 9971 and 587404?
59
Calculate the highest common factor of 31624 and 413236.
236
Calculate the highest common factor of 16090000 and 48000.
2000
What is the greatest common divisor of 9424 and 208952462?
1178
What is the highest common factor of 582513 and 3837?
3
Calculate the highest common divisor of 195 and 4026239490.
195
What is the highest common factor of 476931 and 9087?
39
Calculate the highest common divisor of 80 and 133815900.
20
What is the greatest common factor of 286 and 18292?
2
Calculate the greatest common factor of 21226140 and 117.
117
Calculate the highest common factor of 9021845 and 2665.
205
What is the highest common divisor of 10295917 and 52016?
3251
Calculate the greatest common factor of 73473 and 33.
3
Calculate the highest common factor of 5590 and 1467960.
130
Calculate the greatest common divisor of 952250 and 550.
50
Calculate the highest common factor of 13648136 and 1696.
424
What is the highest common factor of 22034 and 27600?
46
What is the highest common factor of 6327 and 139083?
111
Calculate the highest common divisor of 836 and 596495196.
836
What is the highest common factor of 96268294 and 7268?
3634
What is the greatest common divisor of 222305 and 959285?
865
What is the highest common divisor of 10111892 and 6608?
1652
What is the greatest common factor of 6204 and 83274?
6
Calculate the highest common divisor of 53520 and 61548.
2676
What is the greatest common factor of 1122 and 172833342?
66
What is the greatest common factor of 877953 and 3746121?
2823
What is the highest common divisor of 177 and 9077799?
177
What is the greatest common divisor of 15 and 1329951510?
15
What is the greatest common divisor of 2404800 and 272043?
1503
Calculate the highest common factor of 91 and 7599249.
7
Calculate the highest common divisor of 26925 and 425950.
25
Calculate the greatest common factor of 308090308 and 932.
932
What is the highest common divisor of 1396318 and 10?
2
What is the highest common divisor of 16381663 and 978?
163
Calculate the highest common factor of 26 and 755731977.
13
What is the greatest common factor of 5 and 22707385?
5
What is the greatest common factor of 30 and 21900795?
15
What is the greatest common divisor of 113751846 and 234?
234
What is the greatest common divisor of 82 and 88757251?
41
What is the greatest common divisor of 12261 and 4243914?
201
Calculate the highest common factor of 1880356961 and 17.
17
What is the greatest common factor of 13980 and 3180?
60
What is the greatest common factor of 225638699 and 5434?
2717
What is the highest common divisor of 228 and 19470459?
57
Calculate the greatest common divisor of 17 and 2323892792.
17
Calculate the highest common factor of 333 and 43797973.
37
What is the greatest common divisor of 14161 and 51410499?
2023
What is the highest common divisor of 12168125 and 625?
625
Calculate the greatest common divisor of 21 and 275924607.
21
What is the highest common divisor of 3182 and 6660814?
74
Calculate the greatest common factor of 2608617 and 56855.
137
What is the greatest common factor of 966665 and 42245?
2485
What is the highest common factor of 17200 and 1706025?
1075
What is the highest common divisor of 2251598 and 20350?
74
Calculate the greatest common divisor of 168 and 81603816.
168
What is the highest common divisor of 253733560 and 40?
40
What is the greatest common factor of 1862 and 5693065?
931
What is the highest common divisor of 110434680 and 90?
90
What is the highest common divisor of 1678 and 416176721?
839
What is the greatest common divisor of 256580456 and 6072?
2024
What is the greatest common divisor of 39 and 36579816?
39
What is the greatest common divisor of 33457226 and 460?
46
Calculate the highest common divisor of 7426 and 670032.
94
Calculate the greatest common factor of 118150 and 1829200.
850
What is the greatest common factor of 13915 and 4051795?
1265
Calculate the greatest common factor of 210 and 37487730.
210
What is the greatest common factor of 2220 and 8124645?
555
What is the highest common divisor of 53320300 and 800?
100
Calculate the greatest common divisor of 52700 and 195500.
1700
Calculate the highest common divisor of 207 and 400976227.
23
What is the greatest common factor of 267 and 38971231?
89
What is the highest common divisor of 367767 and 1295055?
1431
Calculate the greatest common divisor of 6 and 57604911.
3
Calculate the highest common factor of 46193 and 226985803.
6599
Calculate the highest common factor of 706520 and 12440.
40
What is the highest common divisor of 10237346 and 4?
2
What is the highest common factor of 1388480297 and 62?
31
What is the highest common factor of 34360352 and 1094?
1094
What is the greatest common divisor of 44856 and 119640920?
4984
What is the greatest common divisor of 251 and 44981961?
251
What is the greatest common divisor of 151541809 and 1497?
499
Calculate the highest common factor of 1398 an